{"id":322,"date":"2024-01-20T21:30:50","date_gmt":"2024-01-21T02:30:50","guid":{"rendered":"https:\/\/utubeando.com\/index.php\/register-2\/"},"modified":"2025-11-24T14:52:46","modified_gmt":"2025-11-24T19:52:46","slug":"register-2","status":"publish","type":"page","link":"https:\/\/utubeando.com\/index.php\/register-2\/","title":{"rendered":"Register"},"content":{"rendered":"\n<form id=\"pms_register-form\" class=\"pms-form \" method=\"POST\">\n\n    \n    <input type=\"hidden\" id=\"pmstkn\" name=\"pmstkn\" value=\"008466441d\" \/><input type=\"hidden\" name=\"_wp_http_referer\" value=\"\/index.php\/wp-json\/wp\/v2\/pages\/322\" \/>\n    <ul class=\"pms-form-fields-wrapper\">\n\n        \n        \n        <div class=\"pms-account-section-wrapper\">\n            \n                        <li class=\"pms-field pms-user-login-field \">\n                <label for=\"pms_user_login\">Username *<\/label>\n                <input id=\"pms_user_login\" name=\"user_login\" type=\"text\" value=\"\" \/>\n\n                            <\/li>\n\n                        <li class=\"pms-field pms-user-email-field \">\n                <label for=\"pms_user_email\">E-mail *<\/label>\n                <input id=\"pms_user_email\" name=\"user_email\" type=\"text\" value=\"\" \/>\n\n                            <\/li>\n\n                        <li class=\"pms-field pms-first-name-field \">\n                <label for=\"pms_first_name\">First Name<\/label>\n                <input id=\"pms_first_name\" name=\"first_name\" type=\"text\" value=\"\" \/>\n\n                            <\/li>\n\n                        <li class=\"pms-field pms-last-name-field \">\n                <label for=\"pms_last_name\">Last Name<\/label>\n                <input id=\"pms_last_name\" name=\"last_name\" type=\"text\" value=\"\" \/>\n\n                            <\/li>\n\n                        <li class=\"pms-field pms-pass1-field \">\n                <label for=\"pms_pass1\">Password *<\/label>\n                <input id=\"pms_pass1\" name=\"pass1\" type=\"password\" \/>\n\n                \n                            <\/li>\n\n                        <li class=\"pms-field pms-pass2-field \">\n                <label for=\"pms_pass2\">Repeat Password *<\/label>\n                <input id=\"pms_pass2\" name=\"pass2\" type=\"password\" \/>\n\n                            <\/li>\n\n                    <\/div>\n\n        \n        <li class=\"pms-field pms-field-subscriptions \"><div class=\"pms-subscription-plan pms-subscription-plan-948\"><label><input type=\"radio\" name=\"subscription_plans\" data-price=\"1.5\" data-duration=\"1\" data-fixed_membership=\"\" data-allow_renew=\"\" data-sign_up_fee=\"0\" data-trial=\"0\" data-recurring=\"3\"  value=\"948\"  checked='checked'data-default-selected=\"true\" \/><span class=\"pms-subscription-plan-name\">DEMO x 1 D\u00cdA | GRATIS ACTIVANDO TU C\u00d3DIGO<\/span><span class=\"pms-subscription-plan-price\"><span class=\"pms-divider\"> - <\/span><span class=\"pms-subscription-plan-currency\">&#36;<\/span><span class=\"pms-subscription-plan-price-value\">1,50<\/span><span class=\"pms-divider pms-duration-divider\"> \/ <\/span><span class=\"pms-subscription-plan-duration\">1 Day<\/span><\/span><span class=\"pms-subscription-plan-trial\"><\/span><span class=\"pms-subscription-plan-sign-up-fee\"><\/span><\/label><div class=\"pms-subscription-plan-description\">UTUBEANDO DEMO por 1 D\u00eda que podr\u00eda ser GRATIS (Encontrando el C\u00f3digo en los videos de nuestro canal de YouTube) \u00fatil para revisar sus funciones antes de comprar la versi\u00f3n completa. Bienvenido UTUBER...<\/div><\/div><div class=\"pms-subscription-plan pms-subscription-plan-365\"><label><input type=\"radio\" name=\"subscription_plans\" data-price=\"24.95\" data-duration=\"1\" data-fixed_membership=\"\" data-allow_renew=\"\" data-sign_up_fee=\"0\" data-trial=\"0\" data-recurring=\"3\"  value=\"365\" data-default-checked=\"false\" \/><span class=\"pms-subscription-plan-name\">ESTRATEGIA SEO | PERSONALIZADA<\/span><span class=\"pms-subscription-plan-price\"><span class=\"pms-divider\"> - <\/span><span class=\"pms-subscription-plan-currency\">&#36;<\/span><span class=\"pms-subscription-plan-price-value\">24,95<\/span><span class=\"pms-divider pms-duration-divider\"> \/ <\/span><span class=\"pms-subscription-plan-duration\">1 Month<\/span><\/span><span class=\"pms-subscription-plan-trial\"><\/span><span class=\"pms-subscription-plan-sign-up-fee\"><\/span><\/label><div class=\"pms-subscription-plan-description\">REVISI\u00d3N PERSONALIZADA \r\nEvaluaci\u00f3n de: SEO canal, t\u00edtulos, miniaturas, Anal\u00edticas y activaci\u00f3n de estrategias a seguir sugeridas para alcanzar o POTENCIAR la MONETIZACI\u00d3N el canal. \r\n\r\nGRATIS UTUBEANDO 1.9 FULL 30 D\u00cdAS<\/div><\/div><div class=\"pms-subscription-plan pms-subscription-plan-326\"><label><input type=\"radio\" name=\"subscription_plans\" data-price=\"15\" data-duration=\"1\" data-fixed_membership=\"\" data-allow_renew=\"\" data-sign_up_fee=\"0\" data-trial=\"0\" data-recurring=\"2\"  value=\"326\" data-default-checked=\"false\" \/><span class=\"pms-subscription-plan-name\">SEO TEST | MENSUAL<\/span><span class=\"pms-subscription-plan-price\"><span class=\"pms-divider\"> - <\/span><span class=\"pms-subscription-plan-currency\">&#36;<\/span><span class=\"pms-subscription-plan-price-value\">15,00<\/span><span class=\"pms-divider pms-duration-divider\"> \/ <\/span><span class=\"pms-subscription-plan-duration\">1 Month<\/span><\/span><span class=\"pms-subscription-plan-trial\"><\/span><span class=\"pms-subscription-plan-sign-up-fee\"><\/span><\/label><div class=\"pms-subscription-plan-description\">UtubeAndo 1.8 PRO | MENSUAL FULL FUNCIONES<\/div><\/div><div class=\"pms-subscription-plan pms-subscription-plan-489\"><label><input type=\"radio\" name=\"subscription_plans\" data-price=\"37.5\" data-duration=\"3\" data-fixed_membership=\"\" data-allow_renew=\"\" data-sign_up_fee=\"0\" data-trial=\"0\" data-recurring=\"2\"  value=\"489\" data-default-checked=\"false\" \/><span class=\"pms-subscription-plan-name\">SEO TEST | TRIMESTRAL<\/span><span class=\"pms-subscription-plan-price\"><span class=\"pms-divider\"> - <\/span><span class=\"pms-subscription-plan-currency\">&#36;<\/span><span class=\"pms-subscription-plan-price-value\">37,50<\/span><span class=\"pms-divider pms-duration-divider\"> \/ <\/span><span class=\"pms-subscription-plan-duration\">3 Months<\/span><\/span><span class=\"pms-subscription-plan-trial\"><\/span><span class=\"pms-subscription-plan-sign-up-fee\"><\/span><\/label><div class=\"pms-subscription-plan-description\">UtubeAndo 1.9 PREMIUM | TRIMESTRAL FULL FUNCIONES<\/div><\/div><div class=\"pms-subscription-plan pms-subscription-plan-882\"><label><input type=\"radio\" name=\"subscription_plans\" data-price=\"142.5\" data-duration=\"12\" data-fixed_membership=\"\" data-allow_renew=\"\" data-sign_up_fee=\"0\" data-trial=\"0\" data-recurring=\"2\"  value=\"882\" data-default-checked=\"false\" \/><span class=\"pms-subscription-plan-name\">SEO TEST | ANUAL<\/span><span class=\"pms-subscription-plan-price\"><span class=\"pms-divider\"> - <\/span><span class=\"pms-subscription-plan-currency\">&#36;<\/span><span class=\"pms-subscription-plan-price-value\">142,50<\/span><span class=\"pms-divider pms-duration-divider\"> \/ <\/span><span class=\"pms-subscription-plan-duration\">12 Months<\/span><\/span><span class=\"pms-subscription-plan-trial\"><\/span><span class=\"pms-subscription-plan-sign-up-fee\"><\/span><\/label><div class=\"pms-subscription-plan-description\">UtubeAndo FULL  FUNCIONES | 1 A\u00d1O<\/div><\/div><div class=\"pms-subscription-plan-auto-renew\"><label><input name=\"pms_recurring\" type=\"checkbox\" value=\"1\"  \/>Automatically renew subscription<\/label><\/div><input type=\"hidden\" name=\"pms_default_recurring\" value=\"1\" \/><div id=\"pms-subscription-plans-discount\"><label for=\"pms-subscription-plans-discount\">Discount Code: <\/label><input id=\"pms_subscription_plans_discount_code\" name=\"discount_code\" placeholder=\"Enter discount\" type=\"text\" value=\"\" \/><input id=\"pms-apply-discount\" class=\"pms-submit button\" type=\"submit\" value=\"Apply\"><\/span><\/div><div id=\"pms-subscription-plans-discount-messages-wrapper\"><div id=\"pms-subscription-plans-discount-messages\" ><\/div><div id=\"pms-subscription-plans-discount-messages-loading\">Applying discount code. Please wait...<\/div><\/div><\/li>\n    <\/ul>\n\n    <span id=\"pms-submit-button-loading-placeholder-text\" style=\"display: none;\">Processing. Please wait...<\/span><div class=\"pms-paygates-holder\"><div id=\"pms-paygates-wrapper\"><h3>Select a Payment Method<\/h3><div id=\"pms-paygates-inner\"><label><input type=\"radio\" class=\"pms_pay_gate\" name=\"pay_gate\" value=\"manual\" data-sign_up_fee=\"1\" data-trial=\"1\" data-recurring=\"1\"  \/><span class=\"pms-paygate-name\">Manual \/ Offline<\/span><\/label><label><input type=\"radio\" class=\"pms_pay_gate\" name=\"pay_gate\" value=\"paypal_connect\" data-sign_up_fee=\"1\" data-trial=\"1\" data-recurring=\"1\"  data-type=\"extra_fields\" \/><span class=\"pms-paygate-name\">PayPal<\/span><\/label><\/div><div id=\"pms-gateways-not-available\"><span>No payment methods are available for the selected subscription plan.<\/span><\/div><\/div><ul id=\"pms-paypal-connect\" class=\"pms-field-section pms-paygate-extra-fields pms-paygate-extra-fields-paypal_connect\"><div class=\"pms-spinner__holder\"><div class=\"pms-spinner\"><\/div><\/div><div id=\"pms-paygate-extra-fields-paypal_connect__placeholder\"><\/div><\/ul><\/div><input type=\"hidden\" id=\"pms-process-checkout-nonce\" name=\"pms_process_checkout_nonce\" value=\"aa1e7cb78e\"\/>\n            <input class=\"pms-form-submit\" name=\"pms_register\" type=\"submit\" value=\"Register\" \/>\n    \n<\/form>\n\n\n<div class=\"wp-block-image\">\n<figure class=\"aligncenter size-full is-resized\"><img loading=\"lazy\" decoding=\"async\" width=\"512\" height=\"512\" src=\"https:\/\/utubeando.com\/wp-content\/uploads\/2024\/06\/cropped-Logo_transparente_letras_blancas_2-1.png\" alt=\"utubeando\" class=\"wp-image-1087\" style=\"width:150px;height:auto\" srcset=\"https:\/\/utubeando.com\/wp-content\/uploads\/2024\/06\/cropped-Logo_transparente_letras_blancas_2-1.png 512w, https:\/\/utubeando.com\/wp-content\/uploads\/2024\/06\/cropped-Logo_transparente_letras_blancas_2-1-300x300.png 300w, https:\/\/utubeando.com\/wp-content\/uploads\/2024\/06\/cropped-Logo_transparente_letras_blancas_2-1-150x150.png 150w, https:\/\/utubeando.com\/wp-content\/uploads\/2024\/06\/cropped-Logo_transparente_letras_blancas_2-1-160x160.png 160w, https:\/\/utubeando.com\/wp-content\/uploads\/2024\/06\/cropped-Logo_transparente_letras_blancas_2-1-270x270.png 270w, https:\/\/utubeando.com\/wp-content\/uploads\/2024\/06\/cropped-Logo_transparente_letras_blancas_2-1-192x192.png 192w, https:\/\/utubeando.com\/wp-content\/uploads\/2024\/06\/cropped-Logo_transparente_letras_blancas_2-1-180x180.png 180w, https:\/\/utubeando.com\/wp-content\/uploads\/2024\/06\/cropped-Logo_transparente_letras_blancas_2-1-32x32.png 32w\" sizes=\"auto, (max-width: 512px) 100vw, 512px\" \/><\/figure>\n<\/div>\n\n\n<p class=\"has-text-align-center\"><strong>Bienvenido <em>UTUBER !<\/em><\/strong><\/p>\n\n\n\n<p><\/p>\n","protected":false},"excerpt":{"rendered":"<p>Bienvenido UTUBER !<\/p>\n","protected":false},"author":1,"featured_media":0,"parent":0,"menu_order":0,"comment_status":"closed","ping_status":"closed","template":"","meta":{"_monsterinsights_skip_tracking":false,"_monsterinsights_sitenote_active":false,"_monsterinsights_sitenote_note":"","_monsterinsights_sitenote_category":0,"footnotes":""},"class_list":["post-322","page","type-page","status-publish","hentry"],"aioseo_notices":[],"_links":{"self":[{"href":"https:\/\/utubeando.com\/index.php\/wp-json\/wp\/v2\/pages\/322","targetHints":{"allow":["GET"]}}],"collection":[{"href":"https:\/\/utubeando.com\/index.php\/wp-json\/wp\/v2\/pages"}],"about":[{"href":"https:\/\/utubeando.com\/index.php\/wp-json\/wp\/v2\/types\/page"}],"author":[{"embeddable":true,"href":"https:\/\/utubeando.com\/index.php\/wp-json\/wp\/v2\/users\/1"}],"replies":[{"embeddable":true,"href":"https:\/\/utubeando.com\/index.php\/wp-json\/wp\/v2\/comments?post=322"}],"version-history":[{"count":1,"href":"https:\/\/utubeando.com\/index.php\/wp-json\/wp\/v2\/pages\/322\/revisions"}],"predecessor-version":[{"id":1218,"href":"https:\/\/utubeando.com\/index.php\/wp-json\/wp\/v2\/pages\/322\/revisions\/1218"}],"wp:attachment":[{"href":"https:\/\/utubeando.com\/index.php\/wp-json\/wp\/v2\/media?parent=322"}],"curies":[{"name":"wp","href":"https:\/\/api.w.org\/{rel}","templated":true}]}}